[INFO] fetching crate rg3d-ui 0.4.0...
[INFO] checking rg3d-ui-0.4.0 against master#af3c6e733a40e671550e0f0f5aeecaa13772ba56 for pr-74989
[INFO] extracting crate rg3d-ui 0.4.0 into /workspace/builds/worker-0/source
[INFO] validating manifest of crates.io crate rg3d-ui 0.4.0 on toolchain af3c6e733a40e671550e0f0f5aeecaa13772ba56
[INFO] running `Command { std: "/workspace/cargo-home/bin/cargo" "+af3c6e733a40e671550e0f0f5aeecaa13772ba56" "read-manifest" "--manifest-path" "Cargo.toml", kill_on_drop: false }`
[INFO] started tweaking crates.io crate rg3d-ui 0.4.0
[INFO] finished tweaking crates.io crate rg3d-ui 0.4.0
[INFO] tweaked toml for crates.io crate rg3d-ui 0.4.0 written to /workspace/builds/worker-0/source/Cargo.toml
[INFO] running `Command { std: "/workspace/cargo-home/bin/cargo" "+af3c6e733a40e671550e0f0f5aeecaa13772ba56" "generate-lockfile" "--manifest-path" "Cargo.toml" "-Zno-index-update", kill_on_drop: false }`
[INFO] running `Command { std: "/workspace/cargo-home/bin/cargo" "+af3c6e733a40e671550e0f0f5aeecaa13772ba56" "fetch" "--locked" "--manifest-path" "Cargo.toml", kill_on_drop: false }`
[INFO] running `Command { std: "docker" "create" "-v" "/var/lib/crater-agent-workspace/builds/worker-0/target:/opt/rustwide/target:rw,Z" "-v" "/var/lib/crater-agent-workspace/builds/worker-0/source:/opt/rustwide/workdir:ro,Z" "-v" "/var/lib/crater-agent-workspace/cargo-home:/opt/rustwide/cargo-home:ro,Z" "-v" "/var/lib/crater-agent-workspace/rustup-home:/opt/rustwide/rustup-home:ro,Z" "-e" "SOURCE_DIR=/opt/rustwide/workdir" "-e" "CARGO_TARGET_DIR=/opt/rustwide/target" "-e" "CARGO_HOME=/opt/rustwide/cargo-home" "-e" "RUSTUP_HOME=/opt/rustwide/rustup-home" "-w" "/opt/rustwide/workdir" "-m" "1610612736" "--user" "0:0" "--network" "none" "rustops/crates-build-env@sha256:d92eaeed33fa75130ca1ee6c8a01d1ffb62bac859dfdfb3450e3e5d1c0146529" "/opt/rustwide/cargo-home/bin/cargo" "+af3c6e733a40e671550e0f0f5aeecaa13772ba56" "metadata" "--no-deps" "--format-version=1", kill_on_drop: false }`
[INFO] [stderr] WARNING: Your kernel does not support swap limit capabilities or the cgroup is not mounted. Memory limited without swap.
[INFO] [stdout] c273a5e99d9d261265bf43ecb0a70c8d04319c85400bf14a342cce26ffe1f726
[INFO] running `Command { std: "docker" "start" "-a" "c273a5e99d9d261265bf43ecb0a70c8d04319c85400bf14a342cce26ffe1f726", kill_on_drop: false }`
[INFO] running `Command { std: "docker" "inspect" "c273a5e99d9d261265bf43ecb0a70c8d04319c85400bf14a342cce26ffe1f726", kill_on_drop: false }`
[INFO] running `Command { std: "docker" "rm" "-f" "c273a5e99d9d261265bf43ecb0a70c8d04319c85400bf14a342cce26ffe1f726", kill_on_drop: false }`
[INFO] [stdout] c273a5e99d9d261265bf43ecb0a70c8d04319c85400bf14a342cce26ffe1f726
[INFO] running `Command { std: "docker" "create" "-v" "/var/lib/crater-agent-workspace/builds/worker-0/target:/opt/rustwide/target:rw,Z" "-v" "/var/lib/crater-agent-workspace/builds/worker-0/source:/opt/rustwide/workdir:ro,Z" "-v" "/var/lib/crater-agent-workspace/cargo-home:/opt/rustwide/cargo-home:ro,Z" "-v" "/var/lib/crater-agent-workspace/rustup-home:/opt/rustwide/rustup-home:ro,Z" "-e" "SOURCE_DIR=/opt/rustwide/workdir" "-e" "CARGO_TARGET_DIR=/opt/rustwide/target" "-e" "CARGO_INCREMENTAL=0" "-e" "RUST_BACKTRACE=full" "-e" "RUSTFLAGS=--cap-lints=forbid" "-e" "CARGO_HOME=/opt/rustwide/cargo-home" "-e" "RUSTUP_HOME=/opt/rustwide/rustup-home" "-w" "/opt/rustwide/workdir" "-m" "1610612736" "--user" "0:0" "--network" "none" "rustops/crates-build-env@sha256:d92eaeed33fa75130ca1ee6c8a01d1ffb62bac859dfdfb3450e3e5d1c0146529" "/opt/rustwide/cargo-home/bin/cargo" "+af3c6e733a40e671550e0f0f5aeecaa13772ba56" "check" "--frozen" "--all" "--all-targets" "--message-format=json", kill_on_drop: false }`
[INFO] [stdout] 7b10bf405a1b51a404f3ec79b0c5cda28855bc2e64c19768351caa91c17fcab5
[INFO] [stderr] WARNING: Your kernel does not support swap limit capabilities or the cgroup is not mounted. Memory limited without swap.
[INFO] running `Command { std: "docker" "start" "-a" "7b10bf405a1b51a404f3ec79b0c5cda28855bc2e64c19768351caa91c17fcab5", kill_on_drop: false }`
[INFO] [stderr]     Blocking waiting for file lock on package cache
[INFO] [stderr]    Compiling getrandom v0.1.15
[INFO] [stderr]     Checking cfg-if v0.1.10
[INFO] [stderr]    Compiling autocfg v1.0.1
[INFO] [stderr]    Compiling byteorder v1.3.4
[INFO] [stderr]     Checking ppv-lite86 v0.2.9
[INFO] [stderr]     Checking lazy_static v1.4.0
[INFO] [stderr]     Checking base64 v0.12.3
[INFO] [stderr]    Compiling memoffset v0.5.5
[INFO] [stderr]     Checking rand_core v0.5.1
[INFO] [stderr]     Checking rand_chacha v0.2.2
[INFO] [stderr]     Checking rand v0.7.3
[INFO] [stderr]     Checking rg3d-core v0.8.0
[INFO] [stderr]     Checking rg3d-ui v0.4.0 (/opt/rustwide/workdir)
[INFO] [stdout] error[E0308]: mismatched types
[INFO] [stdout]     --> src/lib.rs:1421:36
[INFO] [stdout]      |
[INFO] [stdout] 1421 | ...                   .build(&mut ui)
[INFO] [stdout]      |                              ^^^^^^^ expected struct `BuildContext`, found struct `UserInterface`
[INFO] [stdout]      |
[INFO] [stdout]      = note: expected mutable reference `&mut BuildContext<'_, _, _>`
[INFO] [stdout]                 found mutable reference `&mut UserInterface<(), StubNode>`
[INFO] [stdout] 
[INFO] [stdout] 
[INFO] [stdout] error[E0308]: mismatched types
[INFO] [stdout]     --> src/lib.rs:1429:36
[INFO] [stdout]      |
[INFO] [stdout] 1429 | ...                   .build(&mut ui)
[INFO] [stdout]      |                              ^^^^^^^ expected struct `BuildContext`, found struct `UserInterface`
[INFO] [stdout]      |
[INFO] [stdout]      = note: expected mutable reference `&mut BuildContext<'_, _, _>`
[INFO] [stdout]                 found mutable reference `&mut UserInterface<(), StubNode>`
[INFO] [stdout] 
[INFO] [stdout] 
[INFO] [stdout] error[E0308]: mismatched types
[INFO] [stdout]     --> src/lib.rs:1437:36
[INFO] [stdout]      |
[INFO] [stdout] 1437 | ...                   .build(&mut ui)
[INFO] [stdout]      |                              ^^^^^^^ expected struct `BuildContext`, found struct `UserInterface`
[INFO] [stdout]      |
[INFO] [stdout]      = note: expected mutable reference `&mut BuildContext<'_, _, _>`
[INFO] [stdout]                 found mutable reference `&mut UserInterface<(), StubNode>`
[INFO] [stdout] 
[INFO] [stdout] 
[INFO] [stdout] error[E0308]: mismatched types
[INFO] [stdout]     --> src/lib.rs:1445:36
[INFO] [stdout]      |
[INFO] [stdout] 1445 | ...                   .build(&mut ui)
[INFO] [stdout]      |                              ^^^^^^^ expected struct `BuildContext`, found struct `UserInterface`
[INFO] [stdout]      |
[INFO] [stdout]      = note: expected mutable reference `&mut BuildContext<'_, _, _>`
[INFO] [stdout]                 found mutable reference `&mut UserInterface<(), StubNode>`
[INFO] [stdout] 
[INFO] [stdout] 
[INFO] [stdout] error[E0308]: mismatched types
[INFO] [stdout]     --> src/lib.rs:1453:36
[INFO] [stdout]      |
[INFO] [stdout] 1453 | ...                   .build(&mut ui)
[INFO] [stdout]      |                              ^^^^^^^ expected struct `BuildContext`, found struct `UserInterface`
[INFO] [stdout]      |
[INFO] [stdout]      = note: expected mutable reference `&mut BuildContext<'_, _, _>`
[INFO] [stdout]                 found mutable reference `&mut UserInterface<(), StubNode>`
[INFO] [stdout] 
[INFO] [stdout] 
[INFO] [stdout] error[E0599]: no method named `build_node` found for struct `GridBuilder<_, _>` in the current scope
[INFO] [stdout]     --> src/lib.rs:1461:22
[INFO] [stdout]      |
[INFO] [stdout] 1461 |                     .build_node())
[INFO] [stdout]      |                      ^^^^^^^^^^ method not found in `GridBuilder<_, _>`
[INFO] [stdout]      | 
[INFO] [stdout]     ::: src/grid.rs:272:1
[INFO] [stdout]      |
[INFO] [stdout] 272  | pub struct GridBuilder<M: 'static, C: 'static + Control<M, C>> {
[INFO] [stdout]      | -------------------------------------------------------------- method `build_node` not found for this
[INFO] [stdout] 
[INFO] [stdout] 
[INFO] [stdout] error[E0308]: mismatched types
[INFO] [stdout]     --> src/lib.rs:1462:24
[INFO] [stdout]      |
[INFO] [stdout] 1462 |                 .build(&mut ui)))
[INFO] [stdout]      |                        ^^^^^^^ expected struct `BuildContext`, found struct `UserInterface`
[INFO] [stdout]      |
[INFO] [stdout]      = note: expected mutable reference `&mut BuildContext<'_, _, _>`
[INFO] [stdout]                 found mutable reference `&mut UserInterface<(), StubNode>`
[INFO] [stdout] 
[INFO] [stdout] 
[INFO] [stdout] error[E0308]: mismatched types
[INFO] [stdout]     --> src/lib.rs:1469:20
[INFO] [stdout]      |
[INFO] [stdout] 1469 |             .build(&mut ui);
[INFO] [stdout]      |                    ^^^^^^^ expected struct `BuildContext`, found struct `UserInterface`
[INFO] [stdout]      |
[INFO] [stdout]      = note: expected mutable reference `&mut BuildContext<'_, _, _>`
[INFO] [stdout]                 found mutable reference `&mut UserInterface<(), StubNode>`
[INFO] [stdout] 
[INFO] [stdout] 
[INFO] [stdout] error: aborting due to 8 previous errors
[INFO] [stdout] 
[INFO] [stdout] 
[INFO] [stdout] Some errors have detailed explanations: E0308, E0599.
[INFO] [stdout] 
[INFO] [stdout] For more information about an error, try `rustc --explain E0308`.
[INFO] [stdout] 
[INFO] [stderr] error: could not compile `rg3d-ui`.
[INFO] [stderr] 
[INFO] [stderr] To learn more, run the command again with --verbose.
[INFO] [stderr] warning: build failed, waiting for other jobs to finish...
[INFO] [stderr] error: build failed
[INFO] running `Command { std: "docker" "inspect" "7b10bf405a1b51a404f3ec79b0c5cda28855bc2e64c19768351caa91c17fcab5", kill_on_drop: false }`
[INFO] running `Command { std: "docker" "rm" "-f" "7b10bf405a1b51a404f3ec79b0c5cda28855bc2e64c19768351caa91c17fcab5", kill_on_drop: false }`
[INFO] [stdout] 7b10bf405a1b51a404f3ec79b0c5cda28855bc2e64c19768351caa91c17fcab5
